{"id":3,"date":"2021-03-21T11:52:50","date_gmt":"2021-03-21T11:52:50","guid":{"rendered":"https:\/\/foto-video.dk\/?page_id=3"},"modified":"2021-03-22T17:33:46","modified_gmt":"2021-03-22T16:33:46","slug":"privacy-policy-2","status":"publish","type":"page","link":"https:\/\/foto-video.dk\/?page_id=3","title":{"rendered":"Privatlivs politik"},"content":{"rendered":"<nav aria-label=\"breadcrumbs\">\n            <div class=\"breadcrumb-container theme1\">\n                <ol>\n                    <li><a title=\"Du er her\" href=\"#\"><span>Du er her<\/span><\/a><span class=\"separator\">&gt;&gt;<\/span><\/li>\n                    <\/ol>\n            <\/div>\n        <\/nav>    <script type=\"application\/ld+json\">\n        {\n            \"@context\": \"http:\/\/schema.org\",\n            \"@type\": \"BreadcrumbList\",\n            \"itemListElement\": [\n                 {\n                            \"@type\": \"ListItem\",\n                            \"position\": 1,\n                            \"item\": {\n                                \"@id\": \"#\",\n                                \"name\": \"Du er her\"\n                            }\n                        }\n                                                    ]\n        }\n    <\/script>\n   \n    <script>\n            <\/script>\n\r\n\r\n<hr \/>\r\n\r\n<h2>Hvem er jeg?<\/h2>\r\n<!-- \/wp:post-content -->\r\n\r\n<!-- wp:paragraph -->\r\n<p>Jeg er en ivrig amat\u00f8rfotograf og tidligere aftenskolel\u00e6rer i digital fotografering.<\/p>\r\n<p>Websidens\u00a0 adresse er: <strong>https:\/\/foto-video.dk<\/strong><\/p>\r\n<!-- \/wp:paragraph -->\r\n\r\n<!-- wp:heading -->\r\n<h2>Kontakt formular<\/h2>\r\n<!-- \/wp:heading -->\r\n\r\n<!-- wp:paragraph -->\r\n<p>N\u00e5r du sender en kontakt e-mail til mig, gemmer jeg din e-mail adresse, dit navn (som det fremg\u00e5r af kontaktformularen) samt din besked. Disse er gemt krypteret og med adgangskode. De vil <strong>IKKE<\/strong> blive givet videre til tredjemand, dette inkluderer offentlige myndigheder etc., undtaget ved dommerkendelse.<\/p>\r\n<h2>Quiz formularer<\/h2>\r\n<p>N\u00e5r du udfylder en quiz formular, vil systemet t\u00e6lle hvor mange rigtige \/ forkerte du havde og sende mig en e-mail med disse oplysninger. Dine personlige data vil <strong>IKKE<\/strong> blive gemt i systemet og jeg vil ikke f\u00e5 disse data tilsendt.<\/p>\r\n<h2>Cookies<\/h2>\r\n<!-- \/wp:paragraph -->\r\n\r\n<!-- wp:paragraph -->\r\n<p>Jeg bruger WordPress som CMS. Desuden bruger jeg en r\u00e6kke plug-ins (fx til at generere quiz, vise billeder etc.). Disse opretter midlertidigt cookies p\u00e5 din computer, men slettes n\u00e5r du forlader siden. Jeg bruger <strong>IKKE<\/strong> cookies der bliver anvendt til markedsf\u00f8ring, tracking eller statistik.<\/p>\r\n<p>Min hosting udbyder, <strong>VIL<\/strong> gemme din IP-adresse og hvilke sider du bes\u00f8ger (hvilket alle internetudbydere skal). Disse data bliver sammensat til en statistik, hvor jeg kan se hvor mange der har bes\u00f8gt siden osv.<\/p>\r\n<!-- \/wp:paragraph -->\r\n\r\n<!-- wp:heading -->\r\n<h2>Hvem deler jeg dine data med?<\/h2>\r\n<!-- \/wp:heading -->\r\n\r\n<!-- wp:paragraph -->\r\n<p><strong class=\"privacy-policy-tutorial\">Ingen<\/strong><\/p>\r\n<!-- \/wp:paragraph -->\r\n\r\n<!-- wp:heading -->\r\n<p>&nbsp;<\/p>\r\n<!-- \/wp:heading -->","protected":false},"excerpt":{"rendered":"<p>Hvem er jeg? Jeg er en ivrig amat\u00f8rfotograf og tidligere aftenskolel\u00e6rer i digital fotografering. Websidens\u00a0 adresse er: https:\/\/foto-video.dk Kontakt formular N\u00e5r du sender en kontakt e-mail til mig, gemmer jeg din e-mail adresse, dit navn (som det fremg\u00e5r af kontaktformularen) samt din besked. Disse er gemt krypteret og med adgangskode. De vil IKKE blive givet [&hellip;]<\/p>\n","protected":false},"author":1,"featured_media":0,"parent":0,"menu_order":900,"comment_status":"closed","ping_status":"open","template":"","meta":{"footnotes":""},"class_list":["post-3","page","type-page","status-publish","hentry","post"],"_links":{"self":[{"href":"https:\/\/foto-video.dk\/index.php?rest_route=\/wp\/v2\/pages\/3","targetHints":{"allow":["GET"]}}],"collection":[{"href":"https:\/\/foto-video.dk\/index.php?rest_route=\/wp\/v2\/pages"}],"about":[{"href":"https:\/\/foto-video.dk\/index.php?rest_route=\/wp\/v2\/types\/page"}],"author":[{"embeddable":true,"href":"https:\/\/foto-video.dk\/index.php?rest_route=\/wp\/v2\/users\/1"}],"replies":[{"embeddable":true,"href":"https:\/\/foto-video.dk\/index.php?rest_route=%2Fwp%2Fv2%2Fcomments&post=3"}],"version-history":[{"count":4,"href":"https:\/\/foto-video.dk\/index.php?rest_route=\/wp\/v2\/pages\/3\/revisions"}],"predecessor-version":[{"id":2576,"href":"https:\/\/foto-video.dk\/index.php?rest_route=\/wp\/v2\/pages\/3\/revisions\/2576"}],"wp:attachment":[{"href":"https:\/\/foto-video.dk\/index.php?rest_route=%2Fwp%2Fv2%2Fmedia&parent=3"}],"curies":[{"name":"wp","href":"https:\/\/api.w.org\/{rel}","templated":true}]}}